{"id":3551,"date":"2024-07-22T18:47:18","date_gmt":"2024-07-22T18:47:18","guid":{"rendered":"https:\/\/custodiarltda.com\/?page_id=3551"},"modified":"2025-03-07T13:59:54","modified_gmt":"2025-03-07T13:59:54","slug":"politica-de-delacion","status":"publish","type":"page","link":"https:\/\/custodiarltda.com\/index.php\/politica-de-delacion\/","title":{"rendered":"POL\u00cdTICA DE DELACI\u00d3N"},"content":{"rendered":"<p>[vc_row][vc_column]<div class=\"ult-spacer spacer-69eb8ec356b36\" data-id=\"69eb8ec356b36\" data-height=\"40\" data-height-mobile=\"40\" data-height-tab=\"40\" data-height-tab-portrait=\"\" data-height-mobile-landscape=\"\" style=\"clear:both;display:block;\"><\/div>[vc_column_text]<strong>CUSTODIAR LTDA., <\/strong>dedicada a prestar servicios de vigilancia y seguridad privada en todas sus modalidades y medios de apoyo en Colombia. La compa\u00f1\u00eda se compromete a no emprender ninguna acci\u00f3n adversa contra ning\u00fan individuo por el hecho de presentar un reporte de buena fe, as\u00ed mismo informar a las partes interesadas acerca de la inconformidad que se haya reportado.<\/p>\n<p>Para la compa\u00f1\u00eda y como gesti\u00f3n integral de los procesos internos de Custodiar Ltda., es importante monitorear el cumplimiento de todas las disposiciones expuestas en todas sus pol\u00edticas corporativas, por lo cual solicita a todas sus partes interesadas, quienes tengan la creencia razonable que la compa\u00f1\u00eda no cumple con alguno de sus lineamientos, reporten de modo directo o an\u00f3nimo utilizando las herramientas establecidas por la organizaci\u00f3n para el tratamiento de las mismas, y en los casos que se consideren apropiados informar a las autoridades correspondientes.<\/p>\n<p>Esta pol\u00edtica se revis\u00f3 y firm\u00f3 en el mes de marzo de 2025 y tiene vigencia a partir de su publicaci\u00f3n.<\/p>\n<p>&nbsp;<\/p>\n<p><strong>HERNEY GALLEGO GALLEGO<\/strong><\/p>\n<p>Representante Legal[\/vc_column_text]<div class=\"ult-spacer spacer-69eb8ec356b70\" data-id=\"69eb8ec356b70\" data-height=\"40\" data-height-mobile=\"40\" data-height-tab=\"40\" data-height-tab-portrait=\"\" data-height-mobile-landscape=\"\" style=\"clear:both;display:block;\"><\/div>[\/vc_column][\/vc_row]<\/p>\n","protected":false},"excerpt":{"rendered":"<p>[vc_row][vc_column][vc_column_text]CUSTODIAR LTDA., dedicada a prestar servicios de vigilancia y seguridad privada en todas sus modalidades y medios de apoyo en Colombia. La compa\u00f1\u00eda se compromete a no emprender ninguna acci\u00f3n adversa contra ning\u00fan individuo por el hecho de presentar un reporte de buena fe, as\u00ed mismo informar a las partes interesadas acerca de la inconformidad [&hellip;]<\/p>\n","protected":false},"author":1,"featured_media":0,"parent":0,"menu_order":0,"comment_status":"closed","ping_status":"closed","template":"page.php","meta":{"footnotes":""},"class_list":["post-3551","page","type-page","status-publish","hentry"],"_links":{"self":[{"href":"https:\/\/custodiarltda.com\/index.php\/wp-json\/wp\/v2\/pages\/3551","targetHints":{"allow":["GET"]}}],"collection":[{"href":"https:\/\/custodiarltda.com\/index.php\/wp-json\/wp\/v2\/pages"}],"about":[{"href":"https:\/\/custodiarltda.com\/index.php\/wp-json\/wp\/v2\/types\/page"}],"author":[{"embeddable":true,"href":"https:\/\/custodiarltda.com\/index.php\/wp-json\/wp\/v2\/users\/1"}],"replies":[{"embeddable":true,"href":"https:\/\/custodiarltda.com\/index.php\/wp-json\/wp\/v2\/comments?post=3551"}],"version-history":[{"count":2,"href":"https:\/\/custodiarltda.com\/index.php\/wp-json\/wp\/v2\/pages\/3551\/revisions"}],"predecessor-version":[{"id":3648,"href":"https:\/\/custodiarltda.com\/index.php\/wp-json\/wp\/v2\/pages\/3551\/revisions\/3648"}],"wp:attachment":[{"href":"https:\/\/custodiarltda.com\/index.php\/wp-json\/wp\/v2\/media?parent=3551"}],"curies":[{"name":"wp","href":"https:\/\/api.w.org\/{rel}","templated":true}]}}