{"id":3556,"date":"2024-07-22T18:57:46","date_gmt":"2024-07-22T18:57:46","guid":{"rendered":"https:\/\/custodiarltda.com\/?page_id=3556"},"modified":"2025-03-07T13:46:21","modified_gmt":"2025-03-07T13:46:21","slug":"politica-de-seguridad-vial","status":"publish","type":"page","link":"https:\/\/custodiarltda.com\/index.php\/politica-de-seguridad-vial\/","title":{"rendered":"POL\u00cdTICA DE SEGURIDAD VIAL"},"content":{"rendered":"<p>[vc_row][vc_column]<div class=\"ult-spacer spacer-69eb8eb87983c\" data-id=\"69eb8eb87983c\" data-height=\"40\" data-height-mobile=\"40\" data-height-tab=\"40\" data-height-tab-portrait=\"\" data-height-mobile-landscape=\"\" style=\"clear:both;display:block;\"><\/div>[vc_column_text]Desde la alta gerencia<strong> Custodiar Ltda., <\/strong>en la presente pol\u00edtica se compromete al cumplimiento de las pol\u00edticas de seguridad vial y el desarrollo integral de las estrategias de seguridad y salud en el trabajo comprometidos a promover y adoptar el Plan Estrat\u00e9gico de Seguridad Vial como inherente a todo el personal que presta y\/o recibe servicios por parte de la compa\u00f1\u00eda mediante el dise\u00f1o, implementaci\u00f3n, seguimiento, control, evaluaci\u00f3n y mejora continua de acciones concretas que permitan reducir el riesgo de muerte o de lesi\u00f3n de las trabajadores, proveedores y contratistas que realicen desplazamientos en misi\u00f3n por medio motorizado o no motorizados para la prestaci\u00f3n de vigilancia y seguridad privada a nivel nacional, \u00a0acorde a los lineamientos de la normativa legal vigente, en concordancia a la aprobaci\u00f3n de las directivas y el Sistema de Gesti\u00f3n de Seguridad y Salud en el Trabajo. Por lo tanto, el compromiso de Custodiar Ltda., es:<\/p>\n<ul>\n<li>La vida es el valor m\u00e1ximo y todas las ideas y prop\u00f3sitos estar\u00e1n encaminadas a protegerla y respetarla en el sistema de movilidad y dentro del desarrollo de una cultura vial.<\/li>\n<li>Generar compromisos en todos los niveles de la organizaci\u00f3n que permitan implementar el Plan Estrat\u00e9gico de Seguridad Vial.<\/li>\n<li>Cumplir con la reglamentaci\u00f3n establecida en el c\u00f3digo nacional de tr\u00e1nsito terrestre y dem\u00e1s normatividad legal vigente.<\/li>\n<li>Destinar recursos financieros, humanos y t\u00e9cnicos necesarios para el cumplimiento a esta pol\u00edtica<\/li>\n<li>Identificar y promover las medidas de prevenci\u00f3n y control de los riesgos propios de las operaciones relacionadas con la seguridad vial para garantiza el bienestar f\u00edsico, mental y social de los implicados<\/li>\n<li>Integrar pol\u00edticas de salud y seguridad establecidas en los diferentes sistemas de gesti\u00f3n.<\/li>\n<li>Desarrollar programas de capacitaci\u00f3n y motivaci\u00f3n permanentes dirigidos a los actores del sistema de seguridad vial<\/li>\n<li>Asegurar el \u00f3ptimo funcionamiento de los automotores de Custodiar Limitada propios o en arrendamiento<\/li>\n<li>Propender por la mejora continua de las acciones encaminadas a la eliminaci\u00f3n o mitigaci\u00f3n de riesgos asociados a la seguridad vial<\/li>\n<\/ul>\n<p>La Pol\u00edtica de Seguridad Vial tiene alcance sobre toda la empresa y, en consecuencia, es deber de quienes la integran, asumir el compromiso personal de cumplir estrictamente todas las normas de tr\u00e1nsito y aplicar las disposiciones contenidas en el Plan Estrat\u00e9gico de Seguridad Vial.<\/p>\n<p>Esta pol\u00edtica se revis\u00f3 y firm\u00f3 en el mes de marzo de 2025 y tiene vigencia a partir de su publicaci\u00f3n.<\/p>\n<p>&nbsp;<\/p>\n<p><strong>HERNEY GALLEGO GALLEGO<\/strong><\/p>\n<p>Representante Legal[\/vc_column_text]<div class=\"ult-spacer spacer-69eb8eb87986c\" data-id=\"69eb8eb87986c\" data-height=\"40\" data-height-mobile=\"40\" data-height-tab=\"40\" data-height-tab-portrait=\"\" data-height-mobile-landscape=\"\" style=\"clear:both;display:block;\"><\/div>[\/vc_column][\/vc_row]<\/p>\n","protected":false},"excerpt":{"rendered":"<p>[vc_row][vc_column][vc_column_text]Desde la alta gerencia Custodiar Ltda., en la presente pol\u00edtica se compromete al cumplimiento de las pol\u00edticas de seguridad vial y el desarrollo integral de las estrategias de seguridad y salud en el trabajo comprometidos a promover y adoptar el Plan Estrat\u00e9gico de Seguridad Vial como inherente a todo el personal que presta y\/o recibe [&hellip;]<\/p>\n","protected":false},"author":1,"featured_media":0,"parent":0,"menu_order":0,"comment_status":"closed","ping_status":"closed","template":"page.php","meta":{"footnotes":""},"class_list":["post-3556","page","type-page","status-publish","hentry"],"_links":{"self":[{"href":"https:\/\/custodiarltda.com\/index.php\/wp-json\/wp\/v2\/pages\/3556","targetHints":{"allow":["GET"]}}],"collection":[{"href":"https:\/\/custodiarltda.com\/index.php\/wp-json\/wp\/v2\/pages"}],"about":[{"href":"https:\/\/custodiarltda.com\/index.php\/wp-json\/wp\/v2\/types\/page"}],"author":[{"embeddable":true,"href":"https:\/\/custodiarltda.com\/index.php\/wp-json\/wp\/v2\/users\/1"}],"replies":[{"embeddable":true,"href":"https:\/\/custodiarltda.com\/index.php\/wp-json\/wp\/v2\/comments?post=3556"}],"version-history":[{"count":3,"href":"https:\/\/custodiarltda.com\/index.php\/wp-json\/wp\/v2\/pages\/3556\/revisions"}],"predecessor-version":[{"id":3639,"href":"https:\/\/custodiarltda.com\/index.php\/wp-json\/wp\/v2\/pages\/3556\/revisions\/3639"}],"wp:attachment":[{"href":"https:\/\/custodiarltda.com\/index.php\/wp-json\/wp\/v2\/media?parent=3556"}],"curies":[{"name":"wp","href":"https:\/\/api.w.org\/{rel}","templated":true}]}}