{"id":3562,"date":"2024-07-22T19:14:00","date_gmt":"2024-07-22T19:14:00","guid":{"rendered":"https:\/\/custodiarltda.com\/?page_id=3562"},"modified":"2025-03-07T13:50:13","modified_gmt":"2025-03-07T13:50:13","slug":"politica-de-responsabilidad-social","status":"publish","type":"page","link":"https:\/\/custodiarltda.com\/index.php\/politica-de-responsabilidad-social\/","title":{"rendered":"POL\u00cdTICA DE RESPONSABILIDAD SOCIAL"},"content":{"rendered":"<p>[vc_row][vc_column]<div class=\"ult-spacer spacer-69eb8ef26cbe2\" data-id=\"69eb8ef26cbe2\" data-height=\"40\" data-height-mobile=\"40\" data-height-tab=\"40\" data-height-tab-portrait=\"\" data-height-mobile-landscape=\"\" style=\"clear:both;display:block;\"><\/div>[vc_column_text]<strong>CUSTODIAR LTDA.<\/strong>, comprometida con la responsabilidad social, direcciona su estrategia hacia el desarrollo sostenible de los servicios de vigilancia y seguridad privada, reconociendo el impacto de sus decisiones y actividades en el \u00e1mbito social, econ\u00f3mico y ambiental, a trav\u00e9s de un comportamiento transparente y \u00e9tico que cumpla con la ley, con la normativa internacional y con los requisitos de nuestras partes interesadas.<\/p>\n<p>Dentro del actuar de Custodiar Ltda., se cumplen y respetan los derechos humanos, evitando el trabajo forzoso, el trabajo infantil, la discriminaci\u00f3n a diferentes grupos vulnerables y otras violaciones de los derechos humanos.<\/p>\n<p>Esta pol\u00edtica se complementa con una declaraci\u00f3n de conformidad, la pol\u00edtica del SIG y todo aquel compromiso adquirido y asociado al medioambiente, el estado, la comunidad, la sociedad y dem\u00e1s partes interesadas.<\/p>\n<p>Esta pol\u00edtica se revis\u00f3 y firm\u00f3 en el mes de marzo de 2025 y tiene vigencia a partir de su publicaci\u00f3n.<\/p>\n<p>&nbsp;<\/p>\n<p><strong>HERNEY GALLEGO GALLEGO<\/strong><\/p>\n<p>Representante Legal[\/vc_column_text]<div class=\"ult-spacer spacer-69eb8ef26cc0a\" data-id=\"69eb8ef26cc0a\" data-height=\"40\" data-height-mobile=\"40\" data-height-tab=\"40\" data-height-tab-portrait=\"\" data-height-mobile-landscape=\"\" style=\"clear:both;display:block;\"><\/div>[\/vc_column][\/vc_row]<\/p>\n","protected":false},"excerpt":{"rendered":"<p>[vc_row][vc_column][vc_column_text]CUSTODIAR LTDA., comprometida con la responsabilidad social, direcciona su estrategia hacia el desarrollo sostenible de los servicios de vigilancia y seguridad privada, reconociendo el impacto de sus decisiones y actividades en el \u00e1mbito social, econ\u00f3mico y ambiental, a trav\u00e9s de un comportamiento transparente y \u00e9tico que cumpla con la ley, con la normativa internacional y [&hellip;]<\/p>\n","protected":false},"author":1,"featured_media":0,"parent":0,"menu_order":0,"comment_status":"closed","ping_status":"closed","template":"page.php","meta":{"footnotes":""},"class_list":["post-3562","page","type-page","status-publish","hentry"],"_links":{"self":[{"href":"https:\/\/custodiarltda.com\/index.php\/wp-json\/wp\/v2\/pages\/3562","targetHints":{"allow":["GET"]}}],"collection":[{"href":"https:\/\/custodiarltda.com\/index.php\/wp-json\/wp\/v2\/pages"}],"about":[{"href":"https:\/\/custodiarltda.com\/index.php\/wp-json\/wp\/v2\/types\/page"}],"author":[{"embeddable":true,"href":"https:\/\/custodiarltda.com\/index.php\/wp-json\/wp\/v2\/users\/1"}],"replies":[{"embeddable":true,"href":"https:\/\/custodiarltda.com\/index.php\/wp-json\/wp\/v2\/comments?post=3562"}],"version-history":[{"count":2,"href":"https:\/\/custodiarltda.com\/index.php\/wp-json\/wp\/v2\/pages\/3562\/revisions"}],"predecessor-version":[{"id":3641,"href":"https:\/\/custodiarltda.com\/index.php\/wp-json\/wp\/v2\/pages\/3562\/revisions\/3641"}],"wp:attachment":[{"href":"https:\/\/custodiarltda.com\/index.php\/wp-json\/wp\/v2\/media?parent=3562"}],"curies":[{"name":"wp","href":"https:\/\/api.w.org\/{rel}","templated":true}]}}